7*y - 6. Determine n(7).
-55
Let o(r) = r**2 - 2*r - 62. Calculate o(9).
1
Let f(d) = d**2 - 3*d - 9. Calculate f(6).
9
Let l(c) = 45*c - 268. What is l(6)?
2
Let j(l) = 6*l**2 - 22*l + 3. Calculate j(3).
-9
Let u(r) = 7*r - 75. Determine u(11).
2
Let u(y) = -24*y - 113. Determine u(-4).
-17
Let l(n) = -n**2 + 55*n + 296. Determine l(60).
-4
Let o(a) = 2*a**2 - 7*a - 7. Determine o(6).
23
Let b(z) = -6*z + 111. Give b(5).
81
Let o(g) = 4*g**2 + 4*g + 3. Give o(-3).
27
Let m(g) = -g**2 - 11*g - 15. What is m(-6)?
15
Let u(g) = 4*g + 17. Calculate u(-3).
5
Let k(y) = -2*y**2 + 4*y + 3. Calculate k(6).
-45
Let s(t) = -6*t - 289. Give s(-44).
-25
Let o(s) = s**3 - 21*s**2 + 16*s + 25. Calculate o(20).
-55
Let y(t) = -93*t - 1. Determine y(1).
-94
Let x(o) = -7*o**2 - 3*o - 4. Calculate x(-2).
-26
Let p(g) = g**2 + 2*g - 37. What is p(0)?
-37
Let a(p) = -34*p**3 - p**2 + p + 2. Give a(-1).
34
Let l(t) = -3*t**2 + 11*t. Determine l(3).
6
Let c(a) = 20*a - 50. Determine c(3).
10
Let f(t) = -26*t - 54. Calculate f(-5).
76
Let a(s) = -5*s + 6. Give a(6).
-24
Let f(t) = 3*t**3 + t**2 - 2*t - 15. Give f(0).
-15
Let q(g) = -4*g**2 + 9*g + 6. Calculate q(-3).
-57
Let u(i) = -4*i + 68. What is u(21)?
-16
Let o(f) = -f**2 + 26*f + 47. Give o(27).
20
Let z(p) = p**2 - 4*p - 13. Determine z(-3).
8
Let p(s) = -2*s**2 - 9*s + 1. Calculate p(-7).
-34
Let z(d) = -2*d**2 - 12*d + 3. What is z(-7)?
-11
Let r(x) = -2*x**2 + 26*x + 116. Give r(17).
-20
Let d(n) = 12*n**2 + 24*n + 6. Determine d(-2).
6
Let w(z) = -z**3 + z**2. Calculate w(-1).
2
Let v(j) = -9*j**3 + j**2 - j. Determine v(1).
-9
Let x(i) = 5*i + 15. Give x(8).
55
Let x(h) = -h**2 - 2*h - 13. Calculate x(-9).
-76
Let q(a) = -a**2 + 5*a + 6. Determine q(3).
12
Let h(q) = 4*q - 15. Give h(7).
13
Let h(q) = -2*q**3 + 3*q**2 + 5*q - 3. Determine h(2).
3
Let q(c) = c**3 + 7*c**2 + 11*c + 9. Calculate q(-5).
4
Let o(c) = 3*c + 16. What is o(-8)?
-8
Let r(o) = o**2 - 8*o + 3. Give r(5).
-12
Let b(l) = -7*l - 25. Determine b(-4).
3
Let q(x) = -4*x**2 - 7*x + 23. Give q(4).
-69
Let b(g) = -2*g - 33. What is b(-14)?
-5
Let c(t) = 22*t - 159. Calculate c(5).
-49
Let t(z) = -z - 7. Determine t(-4).
-3
Let z(w) = -11*w**3 - w**2 + 112*w + 112. Determine z(-1).
10
Let y(m) = -m**3 + 19*m**2 + 22*m - 32. What is y(20)?
8
Let q(o) = 7*o**2 + 43*o + 8. Calculate q(-6).
2
Let k(o) = -o**2 + 5*o + 5. Calculate k(7).
-9
Let c(p) = -7*p - 8. Determine c(-4).
20
Let a(p) = p**2 - 20*p - 12. Determine a(20).
-12
Let b(q) = -7*q - 40. Determine b(-9).
23
Let s(q) = -q**2 - 8*q - 3. What is s(-3)?
12
Let q(j) = 9*j + 23. Calculate q(8).
95
Let b(i) = -2*i + 5. What is b(-12)?
29
Let r(b) = 14*b + 5. Give r(-1).
-9
Let j(c) = -3*c**2 - 8*c + 34. Give j(-9).
-137
Let h(f) = f**3 + 6*f**2 + 5*f - 7. What is h(-5)?
-7
Let w(b) = b**3 - 17*b**2 - 13*b - 55. Calculate w(18).
35
Let b(o) = o**2 - 10*o - 15. What is b(13)?
24
Let j(p) = -2*p + 1. Give j(-4).
9
Let o(p) = -8*p + 23. Give o(7).
-33
Let p(h) = -18*h - 1. Determine p(1).
-19
Let b(a) = a**3 - 14*a**2 - 12*a - 40. What is b(15)?
5
Let o(z) = 3*z - 66. Calculate o(26).
12
Let q(g) = -g**3 + 13*g**2 + g + 7. Give q(13).
20
Let y(t) = -6*t**2 + 61*t - 3. What is y(10)?
7
Let y(v) = v**3 - 2*v**2 - v + 2. What is y(4)?
30
Let q(j) = -4*j - 80. Give q(-26).
24
Let i(h) = h - 22. What is i(8)?
-14
Let a(j) = -j**3 - 17*j**2 - 2*j - 40. Calculate a(-17).
-6
Let c(j) = j**2 - 9*j + 8. What is c(6)?
-10
Let s(c) = -c**2 - 11*c - 3. Determine s(-11).
-3
Let q(x) = x**3 + 8*x**2 - x + 2. Determine q(-8).
10
Let n(r) = -r**3 + 10*r**2 - 34. What is n(9)?
47
Let u(y) = y**2 + 81*y + 1046. Calculate u(-65).
6
Let l(i) = -i**3 + 4*i. Give l(3).
-15
Let y(z) = -z. Give y(11).
-11
Let u(v) = -v - 1. Calculate u(3).
-4
Let k(f) = -6*f + 50. Give k(-8).
98
Let j(o) = o**2 + 2*o - 1. Calculate j(-4).
7
Let s(i) = 2*i**2 + 73*i - 230. Give s(3).
7
Let d(i) = -7*i + 2. Give d(-2).
16
Let w(q) = -q**2 + 23*q - 9. What is w(22)?
13
Let d(y) = y**2 + 11*y. What is d(-12)?
12
Let j(z) = -z**2 - 3*z + 16. What is j(3)?
-2
Let z(t) = -2*t**2 + 19*t - 12. Give z(5).
33
Let z(p) = -2*p**2 + 44*p - 26. Determine z(19).
88
Let l(h) = -h**3 + 9*h**2 - 3*h - 9. Calculate l(9).
-36
Let z(s) = -s**3 + 25*s**2 + 55*s - 18. What is z(27)?
9
Let u(h) = 12*h + 6. Calculate u(-2).
-18
Let h(i) = i - 9. Calculate h(-4).
-13
Let d(o) = o**3 + 7*o**2 - 15*o - 50. Calculate d(-8).
6
Let s(x) = x**3 + 8*x**2 - 8*x - 105. Give s(-7).
0
Let d(h) = 6*h - 1. Determine d(1).
5
Let y(i) = -i**3 - 5*i**2 - 10*i - 15. Give y(-5).
35
Let o(s) = 4*s - 24. Determine o(8).
8
Let i(l) = -l**2 + 14*l + 178. What is i(22)?
2
Let c(g) = 5*g**2 - 13*g - 1. Determine c(3).
5
Let y(s) = s**3 + 2*s + 2. Determine y(-1).
-1
Let t(b) = b**3 - 11*b**2 + 8*b + 26. Give t(10).
6
Let j(p) = p - 51. Calculate j(12).
-39
Let w(p) = -p**2 - 38*p - 232. Calculate w(-30).
8
Let k(p) = 2*p**2 + 68*p - 136. Determine k(-36).
8
Let s(i) = -i**3 - 4*i**2 + 36*i + 25. Determine s(-8).
-7
Let g(n) = n**3 + 19*n**2 + n + 34. Calculate g(-19).
15
Let g(b) = b**3 - 6*b**2 + 2*b - 1. Give g(6).
11
Let h(i) = i**2 + 10*i - 11. Give h(-12).
13
Let c(s) = 7*s - 17. What is c(3)?
4
Let y(w) = w**2 - 23*w + 32. Calculate y(20).
-28
Let f(c) = -11*c - 4. Give f(-3).
29
Let z(u) = -u**3 + 14*u**2 + 15*u + 14. Calculate z(15).
14
Let x(d) = d**2 + 9*d - 2. Give x(-10).
8
Let b(t) = t**2 - 28*t - 89. Determine b(30).
-29
Let o(l) = 2*l**2 + 9*l + 4. Calculate o(-6).
22
Let b(j) = 38*j + 159. What is b(-4)?
7
Let r(u) = u**3 + 10*u**2 + 27*u - 5. Give r(-4).
-17
Let u(t) = 2*t**2 - 62*t + 39. What is u(30)?
-21
Let r(o) = -o**3 + 2*o**2. Give r(2).
0
Let h(k) = k**3 + 11*k**2 + 7*k - 5. Calculate h(-10).
25
Let p(x) = -x**3 + 8*x**2 - 2*x + 10. Calculate p(8).
-6
Let d(x) = 4*x**3 + 77*x**2 + 20*x + 7. What is d(-19)?
-12
Let r(h) = h**3 + 3*h**2 + h - 2. Calculate r(-4).
-22
Let i(t) = -2*t + 10. Determine i(5).
0
Let j(v) = -v**2 + 12*v - 1. Determine j(11).
10
Let g(s) = 7*s**2 + 5*s + 3. Calculate g(-2).
21
Let o(u) = 30*u + 894. What is o(-30)?
-6
Let r(o) = o**2 + 7*o - 4. Calculate r(-10).
26
Let r(x) = 11*x - 8. Give r(-4).
-52
Let b(m) = m**2 + 12*m + 7. What is b(-10)?
-13
Let m(r) = -r**3 + 10*r**2 - 2*r + 10. Determine m(10).
-10
Let v(s) = s**3 - 8*s**2 + 3*s - 12. Give v(8).
12
Let a(b) = 5*b**2 - 3*b + 2. Calculate a(1).
4
Let j(p) = -p**2 - 10*p - 7. Determine j(-9).
2
Let d(h) = -h**3 - h**2 - 2*h + 1. Give d(-2).
9
Let d(y) = y**2 + 22*y + 111. Calculate d(-11).
-10
Let z(l) = l**2 - 30*l + 196. What is z(20)?
-4
Let t(a) = -12*a + 104. Calculate t(10).
-16
Let y(c) = c**2 - 9*c + 9. Determine y(6).
-9
Let a(t) = 11*t - 4. Calculate a(2).
18
Let f(k) = k**3 + 12*k**2 - 12*k - 1. Give f(-13).
-14
Let v(q) = 2*q + 49. What is v(-23)?
3
Let d(o) = o**3 + 2*o**2 + 9. Calculate d(-4).
-23
Let a(r) = -r**3 - 14*r**2 - 6*r - 25. What is a(-14)?
59
Let j(l) = l**3 + 4*l + 4. Calculate j(-2).
-12
Let k(r) = -r - 18. Give k(-7).
-11
Let o(x) = 3*x - 10. What is o(7)?
11
Let l(i) = -13*i + 5. Calculate l(-4).
57
Let l(y) = y - 8. Calculate l(3).
-5
Let t(v) = 5*v + 23. Calculate t(-6).
-7
Let l(h) = 54*h - 6. Give l(-1).
-60
Let y(m) = -m**2 + 13*m - 7. Give y(9).
29
Let c(m) = -29*m - 428. Give c(-15).
7
Let d(s) = -s**3 - 7*s**2 + 7*s - 11. Calculate d(-8).
-3
Let z(f) = -f**3 - 2*f**2 - 3*f + 2. Determine z(-2).
8
Let p(s) = 14*s + 112. Calculate p(-8).
0
Let a(b) = b**2 - 45*b - 432. Determine a(-8).
-8
Let z(j) = j + 2. Determine z(-5).
-3
Let o(w) = 8*w - 9. What is o(4)?
23
Let n(i) = 4*i + 5. Give n(-1).
1
Let l(k) = 2*k**3 - 3*k**2 + 2*k + 2. Calculate l(2).
10
Let c(s) = s + 4. Determine c(-13).
-9
Let y(q) = 2*q**2 - 3*q - 6. Calculate y(-3).
21
Let j(q) = 11*q + 15. Determine j(5).
70
Let j(w) = -w**3 + 13*w**2 + 13*w + 8. Give j(14).
-6
Let v(c) = -c**2 - 18*c + 139. What is v(6)?
-5
Let b(g) = -g**2 - 2*g - 2. Determine b(-1).
-1
Let u(n) = 6*n + 29. Give u(-5).
-1
Let c(j) = -j**2 - 4*j + 34. Calculate c(-8).
2
Let x(o) = -4*o - 9. What is x(-7)?
19
Let c(y) = -3*y - 18. Calculate c(10).
-48
Let t(y) = -y**2 + 11*y + 3. Calculate t(5).
33
Let k(v) = -2*v**2 + 5*v + 9. What is k(5)?
-16
Let q(m) = 2*m**2 + 4*m - 27. Calculate q(-5).
3
Let p(t) 